{"id":1907,"date":"2026-04-25T17:07:37","date_gmt":"2026-04-25T23:07:37","guid":{"rendered":"https:\/\/www.estilodf.tv\/the-mansion\/?page_id=1907"},"modified":"2026-04-30T13:15:55","modified_gmt":"2026-04-30T19:15:55","slug":"tresemme","status":"publish","type":"page","link":"https:\/\/www.estilodf.tv\/the-mansion\/tresemme\/","title":{"rendered":"TRESemm\u00e9"},"content":{"rendered":"\t\t<div data-elementor-type=\"wp-page\" data-elementor-id=\"1907\" class=\"elementor elementor-1907\" data-elementor-post-type=\"page\">\n\t\t\t\t<div class=\"elementor-element elementor-element-da912be e-con-full e-flex e-con e-parent\" data-id=\"da912be\" data-element_type=\"container\" data-e-type=\"container\" data-settings=\"{&quot;position&quot;:&quot;absolute&quot;}\">\n\t\t\t\t<\/div>\n\t\t<div class=\"elementor-element elementor-element-1228862 e-con-full e-flex e-con e-parent\" data-id=\"1228862\" data-element_type=\"container\" data-e-type=\"container\" data-settings=\"{&quot;background_background&quot;:&quot;classic&quot;}\">\n\t\t\t\t<div class=\"elementor-element elementor-element-8e0495c elementor-widget elementor-widget-image\" data-id=\"8e0495c\" data-element_type=\"widget\" data-e-type=\"widget\" data-widget_type=\"image.default\">\n\t\t\t\t<div class=\"elementor-widget-container\">\n\t\t\t\t\t\t\t\t\t\t\t\t\t\t\t<img fetchpriority=\"high\" decoding=\"async\" width=\"930\" height=\"422\" src=\"https:\/\/www.estilodf.tv\/the-mansion\/wp-content\/uploads\/2026\/04\/maqueta2-3m.png\" class=\"attachment-full size-full wp-image-2001\" alt=\"\" srcset=\"https:\/\/www.estilodf.tv\/the-mansion\/wp-content\/uploads\/2026\/04\/maqueta2-3m.png 930w, https:\/\/www.estilodf.tv\/the-mansion\/wp-content\/uploads\/2026\/04\/maqueta2-3m-420x191.png 420w, https:\/\/www.estilodf.tv\/the-mansion\/wp-content\/uploads\/2026\/04\/maqueta2-3m-210x95.png 210w, https:\/\/www.estilodf.tv\/the-mansion\/wp-content\/uploads\/2026\/04\/maqueta2-3m-768x348.png 768w\" sizes=\"(max-width: 930px) 100vw, 930px\" \/>\t\t\t\t\t\t\t\t\t\t\t\t\t\t\t<\/div>\n\t\t\t\t<\/div>\n\t\t\t\t<\/div>\n\t\t<div class=\"elementor-element elementor-element-2a77a3e e-con-full e-flex e-con e-parent\" data-id=\"2a77a3e\" data-element_type=\"container\" data-e-type=\"container\" data-settings=\"{&quot;background_background&quot;:&quot;classic&quot;}\">\n\t\t\t\t<div class=\"elementor-element elementor-element-ffdbf72 elementor-widget elementor-widget-image\" data-id=\"ffdbf72\" data-element_type=\"widget\" data-e-type=\"widget\" data-widget_type=\"image.default\">\n\t\t\t\t<div class=\"elementor-widget-container\">\n\t\t\t\t\t\t\t\t\t\t\t\t\t\t\t<img decoding=\"async\" width=\"1941\" height=\"819\" src=\"https:\/\/www.estilodf.tv\/the-mansion\/wp-content\/uploads\/2026\/04\/banner-2.png\" class=\"attachment-full size-full wp-image-1910\" alt=\"\" srcset=\"https:\/\/www.estilodf.tv\/the-mansion\/wp-content\/uploads\/2026\/04\/banner-2.png 1941w, https:\/\/www.estilodf.tv\/the-mansion\/wp-content\/uploads\/2026\/04\/banner-2-420x177.png 420w, https:\/\/www.estilodf.tv\/the-mansion\/wp-content\/uploads\/2026\/04\/banner-2-1024x432.png 1024w, https:\/\/www.estilodf.tv\/the-mansion\/wp-content\/uploads\/2026\/04\/banner-2-210x89.png 210w, https:\/\/www.estilodf.tv\/the-mansion\/wp-content\/uploads\/2026\/04\/banner-2-768x324.png 768w, https:\/\/www.estilodf.tv\/the-mansion\/wp-content\/uploads\/2026\/04\/banner-2-1536x648.png 1536w\" sizes=\"(max-width: 1941px) 100vw, 1941px\" \/>\t\t\t\t\t\t\t\t\t\t\t\t\t\t\t<\/div>\n\t\t\t\t<\/div>\n\t\t\t\t<\/div>\n\t\t<div class=\"elementor-element elementor-element-8d08027 e-con-full e-flex e-con e-parent\" data-id=\"8d08027\" data-element_type=\"container\" data-e-type=\"container\" data-settings=\"{&quot;background_background&quot;:&quot;classic&quot;}\">\n\t\t\t\t<div class=\"elementor-element elementor-element-d897b75 elementor-widget elementor-widget-image\" data-id=\"d897b75\" data-element_type=\"widget\" data-e-type=\"widget\" data-widget_type=\"image.default\">\n\t\t\t\t<div class=\"elementor-widget-container\">\n\t\t\t\t\t\t\t\t\t\t\t\t\t\t\t<img decoding=\"async\" width=\"1000\" height=\"407\" src=\"https:\/\/www.estilodf.tv\/the-mansion\/wp-content\/uploads\/2026\/04\/banner-completo-disney.png\" class=\"attachment-full size-full wp-image-1988\" alt=\"\" srcset=\"https:\/\/www.estilodf.tv\/the-mansion\/wp-content\/uploads\/2026\/04\/banner-completo-disney.png 1000w, https:\/\/www.estilodf.tv\/the-mansion\/wp-content\/uploads\/2026\/04\/banner-completo-disney-420x171.png 420w, https:\/\/www.estilodf.tv\/the-mansion\/wp-content\/uploads\/2026\/04\/banner-completo-disney-210x85.png 210w, https:\/\/www.estilodf.tv\/the-mansion\/wp-content\/uploads\/2026\/04\/banner-completo-disney-768x313.png 768w\" sizes=\"(max-width: 1000px) 100vw, 1000px\" \/>\t\t\t\t\t\t\t\t\t\t\t\t\t\t\t<\/div>\n\t\t\t\t<\/div>\n\t\t\t\t<\/div>\n\t\t<div class=\"elementor-element elementor-element-5daf8ac e-con-full e-flex e-con e-parent\" data-id=\"5daf8ac\" data-element_type=\"container\" data-e-type=\"container\" data-settings=\"{&quot;background_background&quot;:&quot;classic&quot;}\">\n\t\t\t\t<div class=\"elementor-element elementor-element-b03750a elementor-widget elementor-widget-image\" data-id=\"b03750a\" data-element_type=\"widget\" data-e-type=\"widget\" data-widget_type=\"image.default\">\n\t\t\t\t<div class=\"elementor-widget-container\">\n\t\t\t\t\t\t\t\t\t\t\t\t\t\t\t<img decoding=\"async\" src=\"https:\/\/www.estilodf.tv\/the-mansion\/wp-content\/uploads\/2026\/04\/banner-final-.png\" title=\"\" alt=\"\" loading=\"lazy\" \/>\t\t\t\t\t\t\t\t\t\t\t\t\t\t\t<\/div>\n\t\t\t\t<\/div>\n\t\t\t\t<\/div>\n\t\t<div class=\"elementor-element elementor-element-eea1207 e-flex e-con-boxed e-con e-parent\" data-id=\"eea1207\" data-element_type=\"container\" data-e-type=\"container\" data-settings=\"{&quot;background_background&quot;:&quot;classic&quot;}\">\n\t\t\t\t\t<div class=\"e-con-inner\">\n\t\t\t\t<div class=\"elementor-element elementor-element-1a3ef16 elementor-widget elementor-widget-heading\" data-id=\"1a3ef16\" data-element_type=\"widget\" data-e-type=\"widget\" data-widget_type=\"heading.default\">\n\t\t\t\t<div class=\"elementor-widget-container\">\n\t\t\t\t\t<h4 class=\"elementor-heading-title elementor-size-default\">Vis\u00edtanos del 1 al 31 de Mayo<\/h4>\t\t\t\t<\/div>\n\t\t\t\t<\/div>\n\t\t<div class=\"elementor-element elementor-element-6bc5169 e-flex e-con-boxed e-con e-child\" data-id=\"6bc5169\" data-element_type=\"container\" data-e-type=\"container\">\n\t\t\t\t\t<div class=\"e-con-inner\">\n\t\t\t\t<div class=\"elementor-element elementor-element-490ef49 elementor-widget elementor-widget-shortcode\" data-id=\"490ef49\" data-element_type=\"widget\" data-e-type=\"widget\" data-widget_type=\"shortcode.default\">\n\t\t\t\t<div class=\"elementor-widget-container\">\n\t\t\t\t\t\t\t<div class=\"elementor-shortcode\"><style>\r\n    .bookme-form-error,\r\n    .bookme-steps > li,\r\n    .bookme-steps > li.bookme-steps-is-active:before,\r\n    .bookme-modal a {\r\n        color: #6B76FF !important;\r\n    }\r\n\r\n    .bookme-booking-form .bookme-error,\r\n    .bookme-steps > li:before,\r\n    .bookme-steps > li.bookme-steps-is-active:before {\r\n        border-color: #6B76FF !important;\r\n    }\r\n\r\n    .bookme-button,\r\n    .bookme-booking-form .bookme-box-loader .bookme-loader:after,\r\n    .bookme-booking-form .bookme-calendar.bookme-loader:after,\r\n    .bookme-steps > li:before,\r\n    .bookme-steps > li:after{\r\n        background-color: #6B76FF !important;\r\n    }\r\n\r\n    .clndr .clndr-controls,\r\n    .clndr .clndr-table tr .day:hover,\r\n    .clndr .clndr-table tr .day.selected.event,\r\n    .clndr .clndr-table tr .next-month:hover,\r\n    .clndr .clndr-table tr .day.selected {\r\n        background-color: #6B76FF;\r\n    }\r\n\r\n    .bookme-button,\r\n    .bookme-steps > li:before{\r\n        color: #FFFFFF !important;\r\n    }\r\n\r\n    .clndr .clndr-controls .clndr-month,\r\n    .clndr .clndr-controls .clndr-control-button span,\r\n    .clndr .clndr-table tr .day:hover,\r\n    .clndr .clndr-table tr .day.selected.event,\r\n    .clndr .clndr-table tr .day.selected,\r\n    .clndr .clndr-table tr .day .selected .event .day-contents {\r\n        color: #FFFFFF;\r\n    }\r\n\r\n    .bookme-booking-form .bookme-loader:after {\r\n        background-color: #FFFFFF !important;\r\n    }\r\n    \r\n    .bookme-steps > li.bookme-steps-is-active:before {\r\n        background-color: transparent !important;\r\n    }\r\n<\/style>\r\n<div id=\"bookme-booking-form-69f436fcd3e8c\" class=\"bookme-booking-form\" data-form_id=\"69f436fcd3e8c\"><div class=\"bookme-box-loader\"><div class=\"bookme-loader\"><\/div><\/div><\/div>\r\n<script>\r\n    (function ($) {\r\n        window.bookme(\r\n            \"69f436fcd3e8c\",\r\n            {\"category_id\":0,\"service_id\":19,\"staff_member_id\":14,\"hide_categories\":true,\"hide_services\":true,\"hide_staff_members\":true,\"show_number_of_persons\":false,\"show_service_duration\":false},\r\n            {\"service_left\":1},\r\n            {\"status\":\"new\"}        );\r\n    })(jQuery);\r\n<\/script><\/div>\n\t\t\t\t\t\t<\/div>\n\t\t\t\t<\/div>\n\t\t\t\t\t<\/div>\n\t\t\t\t<\/div>\n\t\t\t\t\t<\/div>\n\t\t\t\t<\/div>\n\t\t<div class=\"elementor-element elementor-element-72de3da e-flex e-con-boxed e-con e-parent\" data-id=\"72de3da\" data-element_type=\"container\" data-e-type=\"container\">\n\t\t\t\t\t<div class=\"e-con-inner\">\n\t\t\t\t<div class=\"elementor-element elementor-element-0fafb59 elementor-widget elementor-widget-heading\" data-id=\"0fafb59\" data-element_type=\"widget\" data-e-type=\"widget\" data-widget_type=\"heading.default\">\n\t\t\t\t<div class=\"elementor-widget-container\">\n\t\t\t\t\t<h2 class=\"elementor-heading-title elementor-size-default\"><p>\n  Descarga aqu\u00ed tu \n  <a href=\"https:\/\/drive.google.com\/file\/d\/1WPznXAgYBsShcuhDa0_emOzVUum0Hv9U\/view?usp=drive_link\" target=\"_blank\" rel=\"noopener noreferrer\">\n    Aviso de privacidad\n  <\/a> \n  y \n  <a href=\"https:\/\/drive.google.com\/file\/d\/1ReS2xaEebwtlUnxTs0Tw_GHTH3KqF0eQ\/view?usp=drive_link\" target=\"_blank\" rel=\"noopener noreferrer\">\n    Reglamento\n  <\/a>, \n  los cuales deber\u00e1s llevar impresos y firmados.\n<\/p><\/h2>\t\t\t\t<\/div>\n\t\t\t\t<\/div>\n\t\t\t\t\t<\/div>\n\t\t\t\t<\/div>\n\t\t<div class=\"elementor-element elementor-element-f8de083 elementor-hidden-desktop elementor-hidden-tablet elementor-hidden-mobile e-flex e-con-boxed e-con e-parent\" data-id=\"f8de083\" data-element_type=\"container\" data-e-type=\"container\" data-settings=\"{&quot;background_background&quot;:&quot;classic&quot;}\">\n\t\t\t\t\t<div class=\"e-con-inner\">\n\t\t\t\t<div class=\"elementor-element elementor-element-6c8bde7 elementor-widget elementor-widget-gallery\" data-id=\"6c8bde7\" data-element_type=\"widget\" data-e-type=\"widget\" data-settings=\"{&quot;gallery_layout&quot;:&quot;masonry&quot;,&quot;columns&quot;:3,&quot;lazyload&quot;:&quot;yes&quot;,&quot;columns_tablet&quot;:2,&quot;columns_mobile&quot;:1,&quot;gap&quot;:{&quot;unit&quot;:&quot;px&quot;,&quot;size&quot;:10,&quot;sizes&quot;:[]},&quot;gap_tablet&quot;:{&quot;unit&quot;:&quot;px&quot;,&quot;size&quot;:10,&quot;sizes&quot;:[]},&quot;gap_mobile&quot;:{&quot;unit&quot;:&quot;px&quot;,&quot;size&quot;:10,&quot;sizes&quot;:[]},&quot;link_to&quot;:&quot;file&quot;,&quot;overlay_background&quot;:&quot;yes&quot;,&quot;content_hover_animation&quot;:&quot;fade-in&quot;}\" data-widget_type=\"gallery.default\">\n\t\t\t\t<div class=\"elementor-widget-container\">\n\t\t\t\t\t\t\t<div class=\"elementor-gallery__container\">\n\t\t\t\t\t\t\t<a class=\"e-gallery-item elementor-gallery-item elementor-animated-content\" href=\"https:\/\/www.estilodf.tv\/the-mansion\/wp-content\/uploads\/2026\/04\/aspectos-5.jpg\" data-elementor-open-lightbox=\"yes\" data-elementor-lightbox-slideshow=\"6c8bde7\" data-elementor-lightbox-title=\"Aspectos (5)\" data-e-action-hash=\"#elementor-action%3Aaction%3Dlightbox%26settings%3DeyJpZCI6MTg4NSwidXJsIjoiaHR0cHM6XC9cL3d3dy5lc3RpbG9kZi50dlwvdGhlLW1hbnNpb25cL3dwLWNvbnRlbnRcL3VwbG9hZHNcLzIwMjZcLzA0XC9hc3BlY3Rvcy01LmpwZyIsInNsaWRlc2hvdyI6IjZjOGJkZTcifQ%3D%3D\">\n\t\t\t\t\t<div class=\"e-gallery-image elementor-gallery-item__image\" data-thumbnail=\"https:\/\/www.estilodf.tv\/the-mansion\/wp-content\/uploads\/2026\/04\/aspectos-5-1024x683.jpg\" data-width=\"800\" data-height=\"534\" aria-label=\"\" role=\"img\" ><\/div>\n\t\t\t\t\t\t\t\t\t\t\t<div class=\"elementor-gallery-item__overlay\"><\/div>\n\t\t\t\t\t\t\t\t\t\t\t\t\t\t<\/a>\n\t\t\t\t\t\t\t<a class=\"e-gallery-item elementor-gallery-item elementor-animated-content\" href=\"https:\/\/www.estilodf.tv\/the-mansion\/wp-content\/uploads\/2026\/04\/aspectos-9.jpg\" data-elementor-open-lightbox=\"yes\" data-elementor-lightbox-slideshow=\"6c8bde7\" data-elementor-lightbox-title=\"Aspectos (9)\" data-e-action-hash=\"#elementor-action%3Aaction%3Dlightbox%26settings%3DeyJpZCI6MTg4NiwidXJsIjoiaHR0cHM6XC9cL3d3dy5lc3RpbG9kZi50dlwvdGhlLW1hbnNpb25cL3dwLWNvbnRlbnRcL3VwbG9hZHNcLzIwMjZcLzA0XC9hc3BlY3Rvcy05LmpwZyIsInNsaWRlc2hvdyI6IjZjOGJkZTcifQ%3D%3D\">\n\t\t\t\t\t<div class=\"e-gallery-image elementor-gallery-item__image\" data-thumbnail=\"https:\/\/www.estilodf.tv\/the-mansion\/wp-content\/uploads\/2026\/04\/aspectos-9-1024x683.jpg\" data-width=\"800\" data-height=\"534\" aria-label=\"\" role=\"img\" ><\/div>\n\t\t\t\t\t\t\t\t\t\t\t<div class=\"elementor-gallery-item__overlay\"><\/div>\n\t\t\t\t\t\t\t\t\t\t\t\t\t\t<\/a>\n\t\t\t\t\t\t\t<a class=\"e-gallery-item elementor-gallery-item elementor-animated-content\" href=\"https:\/\/www.estilodf.tv\/the-mansion\/wp-content\/uploads\/2026\/04\/aspectos-13.jpg\" data-elementor-open-lightbox=\"yes\" data-elementor-lightbox-slideshow=\"6c8bde7\" data-elementor-lightbox-title=\"Aspectos (13)\" data-e-action-hash=\"#elementor-action%3Aaction%3Dlightbox%26settings%3DeyJpZCI6MTg4NywidXJsIjoiaHR0cHM6XC9cL3d3dy5lc3RpbG9kZi50dlwvdGhlLW1hbnNpb25cL3dwLWNvbnRlbnRcL3VwbG9hZHNcLzIwMjZcLzA0XC9hc3BlY3Rvcy0xMy5qcGciLCJzbGlkZXNob3ciOiI2YzhiZGU3In0%3D\">\n\t\t\t\t\t<div class=\"e-gallery-image elementor-gallery-item__image\" data-thumbnail=\"https:\/\/www.estilodf.tv\/the-mansion\/wp-content\/uploads\/2026\/04\/aspectos-13-1024x683.jpg\" data-width=\"800\" data-height=\"534\" aria-label=\"\" role=\"img\" ><\/div>\n\t\t\t\t\t\t\t\t\t\t\t<div class=\"elementor-gallery-item__overlay\"><\/div>\n\t\t\t\t\t\t\t\t\t\t\t\t\t\t<\/a>\n\t\t\t\t\t\t\t<a class=\"e-gallery-item elementor-gallery-item elementor-animated-content\" href=\"https:\/\/www.estilodf.tv\/the-mansion\/wp-content\/uploads\/2026\/04\/aspectos-19.jpg\" data-elementor-open-lightbox=\"yes\" data-elementor-lightbox-slideshow=\"6c8bde7\" data-elementor-lightbox-title=\"Aspectos (19)\" data-e-action-hash=\"#elementor-action%3Aaction%3Dlightbox%26settings%3DeyJpZCI6MTg4OSwidXJsIjoiaHR0cHM6XC9cL3d3dy5lc3RpbG9kZi50dlwvdGhlLW1hbnNpb25cL3dwLWNvbnRlbnRcL3VwbG9hZHNcLzIwMjZcLzA0XC9hc3BlY3Rvcy0xOS5qcGciLCJzbGlkZXNob3ciOiI2YzhiZGU3In0%3D\">\n\t\t\t\t\t<div class=\"e-gallery-image elementor-gallery-item__image\" data-thumbnail=\"https:\/\/www.estilodf.tv\/the-mansion\/wp-content\/uploads\/2026\/04\/aspectos-19-1024x683.jpg\" data-width=\"800\" data-height=\"534\" aria-label=\"\" role=\"img\" ><\/div>\n\t\t\t\t\t\t\t\t\t\t\t<div class=\"elementor-gallery-item__overlay\"><\/div>\n\t\t\t\t\t\t\t\t\t\t\t\t\t\t<\/a>\n\t\t\t\t\t\t\t<a class=\"e-gallery-item elementor-gallery-item elementor-animated-content\" href=\"https:\/\/www.estilodf.tv\/the-mansion\/wp-content\/uploads\/2026\/04\/aspectos-23.jpg\" data-elementor-open-lightbox=\"yes\" data-elementor-lightbox-slideshow=\"6c8bde7\" data-elementor-lightbox-title=\"Aspectos (23)\" data-e-action-hash=\"#elementor-action%3Aaction%3Dlightbox%26settings%3DeyJpZCI6MTg5MCwidXJsIjoiaHR0cHM6XC9cL3d3dy5lc3RpbG9kZi50dlwvdGhlLW1hbnNpb25cL3dwLWNvbnRlbnRcL3VwbG9hZHNcLzIwMjZcLzA0XC9hc3BlY3Rvcy0yMy5qcGciLCJzbGlkZXNob3ciOiI2YzhiZGU3In0%3D\">\n\t\t\t\t\t<div class=\"e-gallery-image elementor-gallery-item__image\" data-thumbnail=\"https:\/\/www.estilodf.tv\/the-mansion\/wp-content\/uploads\/2026\/04\/aspectos-23-1024x1536.jpg\" data-width=\"800\" data-height=\"1200\" aria-label=\"\" role=\"img\" ><\/div>\n\t\t\t\t\t\t\t\t\t\t\t<div class=\"elementor-gallery-item__overlay\"><\/div>\n\t\t\t\t\t\t\t\t\t\t\t\t\t\t<\/a>\n\t\t\t\t\t\t\t<a class=\"e-gallery-item elementor-gallery-item elementor-animated-content\" href=\"https:\/\/www.estilodf.tv\/the-mansion\/wp-content\/uploads\/2026\/04\/aspectos-26.jpg\" data-elementor-open-lightbox=\"yes\" data-elementor-lightbox-slideshow=\"6c8bde7\" data-elementor-lightbox-title=\"Aspectos (26)\" data-e-action-hash=\"#elementor-action%3Aaction%3Dlightbox%26settings%3DeyJpZCI6MTg5MSwidXJsIjoiaHR0cHM6XC9cL3d3dy5lc3RpbG9kZi50dlwvdGhlLW1hbnNpb25cL3dwLWNvbnRlbnRcL3VwbG9hZHNcLzIwMjZcLzA0XC9hc3BlY3Rvcy0yNi5qcGciLCJzbGlkZXNob3ciOiI2YzhiZGU3In0%3D\">\n\t\t\t\t\t<div class=\"e-gallery-image elementor-gallery-item__image\" data-thumbnail=\"https:\/\/www.estilodf.tv\/the-mansion\/wp-content\/uploads\/2026\/04\/aspectos-26-1024x683.jpg\" data-width=\"800\" data-height=\"534\" aria-label=\"\" role=\"img\" ><\/div>\n\t\t\t\t\t\t\t\t\t\t\t<div class=\"elementor-gallery-item__overlay\"><\/div>\n\t\t\t\t\t\t\t\t\t\t\t\t\t\t<\/a>\n\t\t\t\t\t\t\t<a class=\"e-gallery-item elementor-gallery-item elementor-animated-content\" href=\"https:\/\/www.estilodf.tv\/the-mansion\/wp-content\/uploads\/2026\/04\/aspectos-31.jpg\" data-elementor-open-lightbox=\"yes\" data-elementor-lightbox-slideshow=\"6c8bde7\" data-elementor-lightbox-title=\"Aspectos (31)\" data-e-action-hash=\"#elementor-action%3Aaction%3Dlightbox%26settings%3DeyJpZCI6MTg5MiwidXJsIjoiaHR0cHM6XC9cL3d3dy5lc3RpbG9kZi50dlwvdGhlLW1hbnNpb25cL3dwLWNvbnRlbnRcL3VwbG9hZHNcLzIwMjZcLzA0XC9hc3BlY3Rvcy0zMS5qcGciLCJzbGlkZXNob3ciOiI2YzhiZGU3In0%3D\">\n\t\t\t\t\t<div class=\"e-gallery-image elementor-gallery-item__image\" data-thumbnail=\"https:\/\/www.estilodf.tv\/the-mansion\/wp-content\/uploads\/2026\/04\/aspectos-31-1024x683.jpg\" data-width=\"800\" data-height=\"534\" aria-label=\"\" role=\"img\" ><\/div>\n\t\t\t\t\t\t\t\t\t\t\t<div class=\"elementor-gallery-item__overlay\"><\/div>\n\t\t\t\t\t\t\t\t\t\t\t\t\t\t<\/a>\n\t\t\t\t\t\t\t<a class=\"e-gallery-item elementor-gallery-item elementor-animated-content\" href=\"https:\/\/www.estilodf.tv\/the-mansion\/wp-content\/uploads\/2026\/04\/spectos-5.jpg\" data-elementor-open-lightbox=\"yes\" data-elementor-lightbox-slideshow=\"6c8bde7\" data-elementor-lightbox-title=\"spectos (5)\" data-e-action-hash=\"#elementor-action%3Aaction%3Dlightbox%26settings%3DeyJpZCI6MTg5MywidXJsIjoiaHR0cHM6XC9cL3d3dy5lc3RpbG9kZi50dlwvdGhlLW1hbnNpb25cL3dwLWNvbnRlbnRcL3VwbG9hZHNcLzIwMjZcLzA0XC9zcGVjdG9zLTUuanBnIiwic2xpZGVzaG93IjoiNmM4YmRlNyJ9\">\n\t\t\t\t\t<div class=\"e-gallery-image elementor-gallery-item__image\" data-thumbnail=\"https:\/\/www.estilodf.tv\/the-mansion\/wp-content\/uploads\/2026\/04\/spectos-5-1024x683.jpg\" data-width=\"800\" data-height=\"534\" aria-label=\"\" role=\"img\" ><\/div>\n\t\t\t\t\t\t\t\t\t\t\t<div class=\"elementor-gallery-item__overlay\"><\/div>\n\t\t\t\t\t\t\t\t\t\t\t\t\t\t<\/a>\n\t\t\t\t\t<\/div>\n\t\t\t\t\t<\/div>\n\t\t\t\t<\/div>\n\t\t\t\t\t<\/div>\n\t\t\t\t<\/div>\n\t\t\t\t<\/div>\n\t\t","protected":false},"excerpt":{"rendered":"<p>Vis\u00edtanos del 1 al 31 de Mayo Descarga aqu\u00ed tu Aviso de privacidad y Reglamento , los cuales deber\u00e1s llevar impresos y firmados.<\/p>\n","protected":false},"author":5,"featured_media":0,"parent":0,"menu_order":0,"comment_status":"closed","ping_status":"closed","template":"","meta":{"footnotes":""},"class_list":["post-1907","page","type-page","status-publish","hentry"],"_links":{"self":[{"href":"https:\/\/www.estilodf.tv\/the-mansion\/wp-json\/wp\/v2\/pages\/1907","targetHints":{"allow":["GET"]}}],"collection":[{"href":"https:\/\/www.estilodf.tv\/the-mansion\/wp-json\/wp\/v2\/pages"}],"about":[{"href":"https:\/\/www.estilodf.tv\/the-mansion\/wp-json\/wp\/v2\/types\/page"}],"author":[{"embeddable":true,"href":"https:\/\/www.estilodf.tv\/the-mansion\/wp-json\/wp\/v2\/users\/5"}],"replies":[{"embeddable":true,"href":"https:\/\/www.estilodf.tv\/the-mansion\/wp-json\/wp\/v2\/comments?post=1907"}],"version-history":[{"count":10,"href":"https:\/\/www.estilodf.tv\/the-mansion\/wp-json\/wp\/v2\/pages\/1907\/revisions"}],"predecessor-version":[{"id":2007,"href":"https:\/\/www.estilodf.tv\/the-mansion\/wp-json\/wp\/v2\/pages\/1907\/revisions\/2007"}],"wp:attachment":[{"href":"https:\/\/www.estilodf.tv\/the-mansion\/wp-json\/wp\/v2\/media?parent=1907"}],"curies":[{"name":"wp","href":"https:\/\/api.w.org\/{rel}","templated":true}]}}